{"id":1763,"date":"2023-06-16T15:36:55","date_gmt":"2023-06-16T13:36:55","guid":{"rendered":"https:\/\/vaellolegal.com\/politica-de-accesibilitate\/"},"modified":"2026-03-13T18:20:36","modified_gmt":"2026-03-13T17:20:36","slug":"politica-de-accesibilitate","status":"publish","type":"page","link":"https:\/\/vaellolegal.com\/ro\/politica-de-accesibilitate\/","title":{"rendered":"Politica de accesibilitate"},"content":{"rendered":"\t\t<div data-elementor-type=\"wp-page\" data-elementor-id=\"1763\" class=\"elementor elementor-1763 elementor-325\" data-elementor-post-type=\"page\">\n\t\t\t\t<div class=\"elementor-element elementor-element-388be2b e-flex e-con-boxed e-con e-parent\" data-id=\"388be2b\" data-element_type=\"container\" data-e-type=\"container\">\n\t\t\t\t\t<div class=\"e-con-inner\">\n\t\t\t\t<div class=\"elementor-element elementor-element-494fd30 elementor-widget elementor-widget-heading\" data-id=\"494fd30\" data-element_type=\"widget\" data-e-type=\"widget\" data-widget_type=\"heading.default\">\n\t\t\t\t<div class=\"elementor-widget-container\">\n\t\t\t\t\t<h1 class=\"elementor-heading-title elementor-size-default\">POLITICA DE ACCESIBILITATE<\/h1>\t\t\t\t<\/div>\n\t\t\t\t<\/div>\n\t\t\t\t<div class=\"elementor-element elementor-element-829b1e9 elementor-widget elementor-widget-text-editor\" data-id=\"829b1e9\" data-element_type=\"widget\" data-e-type=\"widget\" data-widget_type=\"text-editor.default\">\n\t\t\t\t<div class=\"elementor-widget-container\">\n\t\t\t\t\t\t\t\t\t<p>Compania s-a <strong>Oscar Vaello Monllau<\/strong> s-a angajat s\u0103 \u00ee\u0219i fac\u0103 site-ul accesibil \u00een conformitate cu Decretul regal 1112\/2018 din 7 septembrie privind accesibilitatea site-urilor web \u0219i a aplica\u021biilor mobile din sectorul public sau a dezvolt\u0103rilor finan\u021bate din Europa.<\/p><p>Aceast\u0103 declara\u021bie de accesibilitate se aplic\u0103 site-ului web <strong>www.vaellolegal.com<\/strong><span style=\"color: #ff0000;\"><strong> <\/strong><\/span>cu excep\u021bia con\u021binutului \u00eencorporat din alte domenii.<\/p><p><strong>Stare de conformitate<\/strong><br>Acest site este par\u021bial conform cu RD 1112\/2018 din cauza nerespect\u0103rii aspectelor enumerate mai jos.<\/p><p><strong>Con\u021binutul nu este accesibil<\/strong><\/p><p>Con\u021binutul de mai jos nu este accesibil din urm\u0103toarele motive:<\/p><ul><li>Neconformitate:<\/li><li>Pot exista imagini pentru care alternativa nu este implementat\u0103 sau nu este corect\u0103 &#8211; &#8211; Cerin\u021b\u0103 9.1.1.1 Con\u021binut non-textual UNE-EN 301549:2022<\/li><li>\u00cen formulare pot exista c\u00e2mpuri care nu au fost facilitate de sisteme automate &#8211; Cerin\u021ba 9.1.3.5 Identificarea scopului introducerii UNE-EN 301549:2022<\/li><li>Pot exista elemente cu contrast insuficient pe unele pagini &#8211; Cerin\u021ba 9.1.4.3 Contrast UNE-EN 301549:2020<\/li><li>Pot exista c\u00e2mpuri de formular a c\u0103ror etichet\u0103 nu este corect\u0103 sau nu exist\u0103 &#8211; Cerin\u021ba num\u0103rul 9.3.3.2 Etichete sau instruc\u021biuni din UNE-EN 301549:2022<\/li><li>Este posibil s\u0103 existe unele erori de parsare \u00een cod &#8211; Num\u0103rul cerin\u021bei 9.4.1.1.1 Prelucrarea UNE-EN 301549:2022<\/li><li>Este posibil s\u0103 existe erori de editare ocazionale pe unele pagini web.<\/li><li>Sarcin\u0103 dispropor\u021bionat\u0103: nu se aplic\u0103.<\/li><li>Con\u021binutul nu intr\u0103 sub inciden\u021ba legisla\u021biei aplicabile.<br>Este posibil s\u0103 existe fi\u0219iere de birotic\u0103 \u00een format PDF sau \u00een alte formate publicate \u00eenainte de 20 septembrie 2018 care nu respect\u0103 pe deplin toate cerin\u021bele de accesibilitate.<br>Este posibil s\u0103 existe con\u021binut ter\u021b care nu este dezvoltat de aceast\u0103 unitate sau nu se afl\u0103 sub controlul acesteia, cum ar fi fi\u0219iere de birotic\u0103 de la diferite agen\u021bii care trebuie publicate pe acest site.<\/li><\/ul><p><strong>Observa\u021bii \u0219i date de contact<\/strong><\/p><ul><li>Pute\u021bi face comunic\u0103ri cu privire la cerin\u021bele de accesibilitate [articolul 10.2.a) din RD 1112\/2018], cum ar fi, de exemplu:<br>Raporta\u021bi orice posibil\u0103 neconformitate din partea acestui site.<\/li><li>Transmiterea altor dificult\u0103\u021bi \u00een accesarea con\u021binutului.<\/li><li>Pentru orice alte \u00eentreb\u0103ri sau sugestii de \u00eembun\u0103t\u0103\u021bire referitoare la accesibilitatea site-ului, v\u0103 rug\u0103m s\u0103 trimite\u021bi un e-mail la urm\u0103toarea adres\u0103: <strong><\/strong> sau prin telefon <strong>+34 931 000 450<\/strong> de luni p\u00e2n\u0103 vineri, \u00eentre orele 9.00 \u0219i 14.00.<\/li><\/ul><p><strong>Pute\u021bi trimite:<\/strong><\/p><ul><li>O pl\u00e2ngere privind respectarea cerin\u021belor din RD 1112\/2018<\/li><li>O cerere de informa\u021bii accesibile referitoare la:<ul><li>Con\u021binutul care este exclus din domeniul de aplicare al RD 1112\/2018, astfel cum se prevede la articolul 3 alineatul (4).<\/li><li>Con\u021binutul care este scutit de cerin\u021bele de accesibilitate deoarece impune o sarcin\u0103 dispropor\u021bionat\u0103.<\/li><\/ul><\/li><\/ul><p>Cererea de informa\u021bii accesibile trebuie s\u0103 precizeze \u00een mod clar faptele, motivele \u0219i solicitarea care stabilesc c\u0103 cererea este rezonabil\u0103 \u0219i legitim\u0103.<\/p>\t\t\t\t\t\t\t\t<\/div>\n\t\t\t\t<\/div>\n\t\t\t\t\t<\/div>\n\t\t\t\t<\/div>\n\t\t\t\t<\/div>\n\t\t","protected":false},"excerpt":{"rendered":"<p>POLITICA DE ACCESIBILITATE Compania s-a s-a angajat s\u0103 \u00ee\u0219i fac\u0103 site-ul accesibil \u00een conformitate cu Decretul regal 1112\/2018 din 7 septembrie privind accesibilitatea site-urilor web \u0219i a aplica\u021biilor mobile din sectorul public sau a dezvolt\u0103rilor finan\u021bate din Europa. Aceast\u0103 declara\u021bie de accesibilitate se aplic\u0103 site-ului web cu excep\u021bia con\u021binutului \u00eencorporat din alte domenii. Stare de [&hellip;]<\/p>\n","protected":false},"author":3,"featured_media":0,"parent":0,"menu_order":0,"comment_status":"closed","ping_status":"closed","template":"","meta":{"_acf_changed":false,"inline_featured_image":false,"footnotes":""},"tags":[],"class_list":["post-1763","page","type-page","status-publish","hentry"],"acf":[],"yoast_head":"<!-- This site is optimized with the Yoast SEO plugin v27.2 - https:\/\/yoast.com\/product\/yoast-seo-wordpress\/ -->\n<title>\u25b7Politica de accesibilitate - \u3010 Vaello Legal \u3011<\/title>\n<meta name=\"description\" content=\"POLITICA DE ACCESIBILITATE Compania s-a s-a angajat s\u0103 \u00ee\u0219i fac\u0103 site-ul accesibil \u00een conformitate cu Decretul regal 1112\/2018 din 7 septembrie privind \u2713\" \/>\n<meta name=\"robots\" content=\"noindex, nofollow\" \/>\n<meta property=\"og:locale\" content=\"ro_RO\" \/>\n<meta property=\"og:type\" content=\"article\" \/>\n<meta property=\"og:title\" content=\"\u25b7Politica de accesibilitate - \u3010 Vaello Legal \u3011\" \/>\n<meta property=\"og:description\" content=\"POLITICA DE ACCESIBILITATE Compania s-a s-a angajat s\u0103 \u00ee\u0219i fac\u0103 site-ul accesibil \u00een conformitate cu Decretul regal 1112\/2018 din 7 septembrie privind \u2713\" \/>\n<meta property=\"og:url\" content=\"https:\/\/vaellolegal.com\/ro\/politica-de-accesibilitate\/\" \/>\n<meta property=\"og:site_name\" content=\"Vaello Legal\" \/>\n<meta property=\"article:modified_time\" content=\"2026-03-13T17:20:36+00:00\" \/>\n<meta name=\"twitter:card\" content=\"summary_large_image\" \/>\n<meta name=\"twitter:label1\" content=\"Timp estimat pentru citire\" \/>\n\t<meta name=\"twitter:data1\" content=\"2 minute\" \/>\n<!-- \/ Yoast SEO plugin. -->","yoast_head_json":{"title":"\u25b7Politica de accesibilitate - \u3010 Vaello Legal \u3011","description":"POLITICA DE ACCESIBILITATE Compania s-a s-a angajat s\u0103 \u00ee\u0219i fac\u0103 site-ul accesibil \u00een conformitate cu Decretul regal 1112\/2018 din 7 septembrie privind \u2713","robots":{"index":"noindex","follow":"nofollow"},"og_locale":"ro_RO","og_type":"article","og_title":"\u25b7Politica de accesibilitate - \u3010 Vaello Legal \u3011","og_description":"POLITICA DE ACCESIBILITATE Compania s-a s-a angajat s\u0103 \u00ee\u0219i fac\u0103 site-ul accesibil \u00een conformitate cu Decretul regal 1112\/2018 din 7 septembrie privind \u2713","og_url":"https:\/\/vaellolegal.com\/ro\/politica-de-accesibilitate\/","og_site_name":"Vaello Legal","article_modified_time":"2026-03-13T17:20:36+00:00","twitter_card":"summary_large_image","twitter_misc":{"Timp estimat pentru citire":"2 minute"},"schema":{"@context":"https:\/\/schema.org","@graph":[{"@type":"WebPage","@id":"https:\/\/vaellolegal.com\/ro\/politica-de-accesibilitate\/","url":"https:\/\/vaellolegal.com\/ro\/politica-de-accesibilitate\/","name":"\u25b7Politica de accesibilitate - \u3010 Vaello Legal \u3011","isPartOf":{"@id":"https:\/\/vaellolegal.com\/ro\/#website"},"datePublished":"2023-06-16T13:36:55+00:00","dateModified":"2026-03-13T17:20:36+00:00","description":"POLITICA DE ACCESIBILITATE Compania s-a s-a angajat s\u0103 \u00ee\u0219i fac\u0103 site-ul accesibil \u00een conformitate cu Decretul regal 1112\/2018 din 7 septembrie privind \u2713","breadcrumb":{"@id":"https:\/\/vaellolegal.com\/ro\/politica-de-accesibilitate\/#breadcrumb"},"inLanguage":"ro-RO","potentialAction":[{"@type":"ReadAction","target":["https:\/\/vaellolegal.com\/ro\/politica-de-accesibilitate\/"]}]},{"@type":"BreadcrumbList","@id":"https:\/\/vaellolegal.com\/ro\/politica-de-accesibilitate\/#breadcrumb","itemListElement":[{"@type":"ListItem","position":1,"name":"Portada","item":"https:\/\/vaellolegal.com\/ro\/"},{"@type":"ListItem","position":2,"name":"Politica de accesibilitate"}]},{"@type":"WebSite","@id":"https:\/\/vaellolegal.com\/ro\/#website","url":"https:\/\/vaellolegal.com\/ro\/","name":"Vaello Legal","description":"Abogados inmobiliarios en Barcelona","publisher":{"@id":"https:\/\/vaellolegal.com\/ro\/#organization"},"potentialAction":[{"@type":"SearchAction","target":{"@type":"EntryPoint","urlTemplate":"https:\/\/vaellolegal.com\/ro\/?s={search_term_string}"},"query-input":{"@type":"PropertyValueSpecification","valueRequired":true,"valueName":"search_term_string"}}],"inLanguage":"ro-RO"},{"@type":"Organization","@id":"https:\/\/vaellolegal.com\/ro\/#organization","name":"Vaello Legal","url":"https:\/\/vaellolegal.com\/ro\/","logo":{"@type":"ImageObject","inLanguage":"ro-RO","@id":"https:\/\/vaellolegal.com\/ro\/#\/schema\/logo\/image\/","url":"https:\/\/vaellolegal.com\/wp-content\/uploads\/2026\/02\/vaello_logo-title.edited.png","contentUrl":"https:\/\/vaellolegal.com\/wp-content\/uploads\/2026\/02\/vaello_logo-title.edited.png","width":1021,"height":446,"caption":"Vaello Legal"},"image":{"@id":"https:\/\/vaellolegal.com\/ro\/#\/schema\/logo\/image\/"}}]}},"_links":{"self":[{"href":"https:\/\/vaellolegal.com\/ro\/wp-json\/wp\/v2\/pages\/1763","targetHints":{"allow":["GET"]}}],"collection":[{"href":"https:\/\/vaellolegal.com\/ro\/wp-json\/wp\/v2\/pages"}],"about":[{"href":"https:\/\/vaellolegal.com\/ro\/wp-json\/wp\/v2\/types\/page"}],"author":[{"embeddable":true,"href":"https:\/\/vaellolegal.com\/ro\/wp-json\/wp\/v2\/users\/3"}],"replies":[{"embeddable":true,"href":"https:\/\/vaellolegal.com\/ro\/wp-json\/wp\/v2\/comments?post=1763"}],"version-history":[{"count":1,"href":"https:\/\/vaellolegal.com\/ro\/wp-json\/wp\/v2\/pages\/1763\/revisions"}],"predecessor-version":[{"id":1766,"href":"https:\/\/vaellolegal.com\/ro\/wp-json\/wp\/v2\/pages\/1763\/revisions\/1766"}],"wp:attachment":[{"href":"https:\/\/vaellolegal.com\/ro\/wp-json\/wp\/v2\/media?parent=1763"}],"wp:term":[{"taxonomy":"post_tag","embeddable":true,"href":"https:\/\/vaellolegal.com\/ro\/wp-json\/wp\/v2\/tags?post=1763"}],"curies":[{"name":"wp","href":"https:\/\/api.w.org\/{rel}","templated":true}]}}

<div data-elementor-type="wp-page" data-elementor-id="1763" class="elementor elementor-1763 elementor-325" data-elementor-post-type="page">
				<div class="elementor-element elementor-element-388be2b e-flex e-con-boxed e-con e-parent" data-id="388be2b" data-element_type="container" data-e-type="container">
					<div class="e-con-inner">
				<div class="elementor-element elementor-element-494fd30 elementor-widget elementor-widget-heading" data-id="494fd30" data-element_type="widget" data-e-type="widget" data-widget_type="heading.default">
				<div class="elementor-widget-container">
					<h1 class="elementor-heading-title elementor-size-default">POLITICA DE ACCESIBILITATE</h1>				</div>
				</div>
				<div class="elementor-element elementor-element-829b1e9 elementor-widget elementor-widget-text-editor" data-id="829b1e9" data-element_type="widget" data-e-type="widget" data-widget_type="text-editor.default">
				<div class="elementor-widget-container">
									<p>Compania s-a <strong>Oscar Vaello Monllau</strong> s-a angajat să își facă site-ul accesibil în conformitate cu Decretul regal 1112/2018 din 7 septembrie privind accesibilitatea site-urilor web și a aplicațiilor mobile din sectorul public sau a dezvoltărilor finanțate din Europa.</p><p>Această declarație de accesibilitate se aplică site-ului web <strong>www.vaellolegal.com</strong><span style="color: #ff0000;"><strong> </strong></span>cu excepția conținutului încorporat din alte domenii.</p><p><strong>Stare de conformitate</strong><br>Acest site este parțial conform cu RD 1112/2018 din cauza nerespectării aspectelor enumerate mai jos.</p><p><strong>Conținutul nu este accesibil</strong></p><p>Conținutul de mai jos nu este accesibil din următoarele motive:</p><ul><li>Neconformitate:</li><li>Pot exista imagini pentru care alternativa nu este implementată sau nu este corectă &#8211; &#8211; Cerință 9.1.1.1 Conținut non-textual UNE-EN 301549:2022</li><li>În formulare pot exista câmpuri care nu au fost facilitate de sisteme automate &#8211; Cerința 9.1.3.5 Identificarea scopului introducerii UNE-EN 301549:2022</li><li>Pot exista elemente cu contrast insuficient pe unele pagini &#8211; Cerința 9.1.4.3 Contrast UNE-EN 301549:2020</li><li>Pot exista câmpuri de formular a căror etichetă nu este corectă sau nu există &#8211; Cerința numărul 9.3.3.2 Etichete sau instrucțiuni din UNE-EN 301549:2022</li><li>Este posibil să existe unele erori de parsare în cod &#8211; Numărul cerinței 9.4.1.1.1 Prelucrarea UNE-EN 301549:2022</li><li>Este posibil să existe erori de editare ocazionale pe unele pagini web.</li><li>Sarcină disproporționată: nu se aplică.</li><li>Conținutul nu intră sub incidența legislației aplicabile.<br>Este posibil să existe fișiere de birotică în format PDF sau în alte formate publicate înainte de 20 septembrie 2018 care nu respectă pe deplin toate cerințele de accesibilitate.<br>Este posibil să existe conținut terț care nu este dezvoltat de această unitate sau nu se află sub controlul acesteia, cum ar fi fișiere de birotică de la diferite agenții care trebuie publicate pe acest site.</li></ul><p><strong>Observații și date de contact</strong></p><ul><li>Puteți face comunicări cu privire la cerințele de accesibilitate [articolul 10.2.a) din RD 1112/2018], cum ar fi, de exemplu:<br>Raportați orice posibilă neconformitate din partea acestui site.</li><li>Transmiterea altor dificultăți în accesarea conținutului.</li><li>Pentru orice alte întrebări sau sugestii de îmbunătățire referitoare la accesibilitatea site-ului, vă rugăm să trimiteți un e-mail la următoarea adresă: <strong></strong> sau prin telefon <strong>+34 931 000 450</strong> de luni până vineri, între orele 9.00 și 14.00.</li></ul><p><strong>Puteți trimite:</strong></p><ul><li>O plângere privind respectarea cerințelor din RD 1112/2018</li><li>O cerere de informații accesibile referitoare la:<ul><li>Conținutul care este exclus din domeniul de aplicare al RD 1112/2018, astfel cum se prevede la articolul 3 alineatul (4).</li><li>Conținutul care este scutit de cerințele de accesibilitate deoarece impune o sarcină disproporționată.</li></ul></li></ul><p>Cererea de informații accesibile trebuie să precizeze în mod clar faptele, motivele și solicitarea care stabilesc că cererea este rezonabilă și legitimă.</p>								</div>
				</div>
					</div>
				</div>
				</div>

<p>POLITICA DE ACCESIBILITATE Compania s-a s-a angajat să își facă site-ul accesibil în conformitate cu Decretul regal 1112/2018 din 7 septembrie privind accesibilitatea site-urilor web și a aplicațiilor mobile din sectorul public sau a dezvoltărilor finanțate din Europa. Această declarație de accesibilitate se aplică site-ului web cu excepția conținutului încorporat din alte domenii. Stare de [&hellip;]</p>

<!-- This site is optimized with the Yoast SEO plugin v27.2 - https://yoast.com/product/yoast-seo-wordpress/ -->
<title>▷Politica de accesibilitate - 【 Vaello Legal 】</title>
<meta name="description" content="POLITICA DE ACCESIBILITATE Compania s-a s-a angajat să își facă site-ul accesibil în conformitate cu Decretul regal 1112/2018 din 7 septembrie privind ✓" />
<meta name="robots" content="noindex, nofollow" />
<meta property="og:locale" content="ro_RO" />
<meta property="og:type" content="article" />
<meta property="og:title" content="▷Politica de accesibilitate - 【 Vaello Legal 】" />
<meta property="og:description" content="POLITICA DE ACCESIBILITATE Compania s-a s-a angajat să își facă site-ul accesibil în conformitate cu Decretul regal 1112/2018 din 7 septembrie privind ✓" />
<meta property="og:url" content="https://vaellolegal.com/ro/politica-de-accesibilitate/" />
<meta property="og:site_name" content="Vaello Legal" />
<meta property="article:modified_time" content="2026-03-13T17:20:36+00:00" />
<meta name="twitter:card" content="summary_large_image" />
<meta name="twitter:label1" content="Timp estimat pentru citire" />
	<meta name="twitter:data1" content="2 minute" />
<!-- / Yoast SEO plugin. -->

POLITICA DE ACCESIBILITATE Compania s-a s-a angajat să își facă site-ul accesibil în conformitate cu Decretul regal 1112/2018 din 7 septembrie privind ✓
